{"id":95437,"date":"2024-05-05T20:32:51","date_gmt":"2024-05-05T18:32:51","guid":{"rendered":"https:\/\/psychologiazsensem.pl\/?page_id=95437"},"modified":"2025-12-28T15:10:51","modified_gmt":"2025-12-28T14:10:51","slug":"uslugi","status":"publish","type":"page","link":"http:\/\/psychologiazsensem.pl\/?page_id=95437","title":{"rendered":"Us\u0142ugi"},"content":{"rendered":"\t\t<div data-elementor-type=\"wp-page\" data-elementor-id=\"95437\" class=\"elementor elementor-95437\" data-elementor-post-type=\"page\">\n\t\t\t\t<div class=\"elementor-element elementor-element-a2740ab e-flex e-con-boxed e-con e-parent\" data-id=\"a2740ab\" data-element_type=\"container\" data-e-type=\"container\">\n\t\t\t\t\t<div class=\"e-con-inner\">\n\t\t\t\t<div class=\"elementor-element elementor-element-a3fc21d elementor-widget elementor-widget-heading\" data-id=\"a3fc21d\" data-element_type=\"widget\" data-e-type=\"widget\" data-widget_type=\"heading.default\">\n\t\t\t\t<div class=\"elementor-widget-container\">\n\t\t\t\t\t<h2 class=\"elementor-heading-title elementor-size-default\">Us\u0142ugi i cennik<\/h2>\t\t\t\t<\/div>\n\t\t\t\t<\/div>\n\t\t\t\t\t<\/div>\n\t\t\t\t<\/div>\n\t\t<div class=\"elementor-element elementor-element-1ad7c24 e-flex e-con-boxed e-con e-parent\" data-id=\"1ad7c24\" data-element_type=\"container\" data-e-type=\"container\" data-settings=\"{&quot;background_background&quot;:&quot;classic&quot;}\">\n\t\t\t\t\t<div class=\"e-con-inner\">\n\t\t<div class=\"elementor-element elementor-element-5dfe8b8 e-flex e-con-boxed e-con e-child\" data-id=\"5dfe8b8\" data-element_type=\"container\" data-e-type=\"container\">\n\t\t\t\t\t<div class=\"e-con-inner\">\n\t\t\t\t<div class=\"elementor-element elementor-element-7929d47 elementor-widget__width-initial elementor-widget elementor-widget-text-editor\" data-id=\"7929d47\" data-element_type=\"widget\" data-e-type=\"widget\" data-widget_type=\"text-editor.default\">\n\t\t\t\t<div class=\"elementor-widget-container\">\n\t\t\t\t\t\t\t\t\t<p><strong>Cennik<\/strong><\/p><ul><li aria-level=\"1\"><span style=\"text-align: var(--text-align); background-color: var( --e-global-color-3bc6169 ); word-spacing: normal; text-transform: var(--the7-base-text-transform); letter-spacing: var(--the7-base-letter-spacing); color: var(--the7-base-color);\"><span style=\"text-align: var(--text-align); background-color: var( --e-global-color-3bc6169 ); word-spacing: normal; text-transform: var(--the7-base-text-transform); letter-spacing: var(--the7-base-letter-spacing); color: var(--the7-base-color);\"><span style=\"text-align: var(--text-align); background-color: var( --e-global-color-3bc6169 ); color: var(--the7-base-color); letter-spacing: var(--the7-base-letter-spacing); text-transform: var(--the7-base-text-transform); word-spacing: normal;\"><span style=\"text-align: var(--text-align); background-color: var( --e-global-color-3bc6169 ); color: var(--the7-base-color); letter-spacing: var(--the7-base-letter-spacing); text-transform: var(--the7-base-text-transform); word-spacing: normal;\"><span style=\"text-align: var(--text-align); background-color: var( --e-global-color-3bc6169 ); color: var(--the7-base-color); letter-spacing: var(--the7-base-letter-spacing); text-transform: var(--the7-base-text-transform); word-spacing: normal;\"><b>Terapia indywidualna<\/b> <br \/>(czas trwania: 50 min) &#8211; <\/span><\/span><\/span><\/span><\/span><strong>190 z\u0142<br \/><br \/><\/strong><\/li><li aria-level=\"1\"><span style=\"text-align: var(--text-align); background-color: var( --e-global-color-3bc6169 ); color: var(--the7-base-color); letter-spacing: var(--the7-base-letter-spacing); text-transform: var(--the7-base-text-transform); word-spacing: normal;\"><span style=\"text-align: var(--text-align); background-color: var( --e-global-color-3bc6169 ); color: var(--the7-base-color); letter-spacing: var(--the7-base-letter-spacing); text-transform: var(--the7-base-text-transform); word-spacing: normal;\"><span style=\"text-align: var(--text-align); background-color: var( --e-global-color-3bc6169 ); color: var(--the7-base-color); letter-spacing: var(--the7-base-letter-spacing); text-transform: var(--the7-base-text-transform); word-spacing: normal;\"><span style=\"text-align: var(--text-align); background-color: var( --e-global-color-3bc6169 ); color: var(--the7-base-color); letter-spacing: var(--the7-base-letter-spacing); text-transform: var(--the7-base-text-transform); word-spacing: normal;\"><span style=\"text-align: var(--text-align); background-color: var( --e-global-color-3bc6169 ); color: var(--the7-base-color); letter-spacing: var(--the7-base-letter-spacing); text-transform: var(--the7-base-text-transform); word-spacing: normal;\"><span style=\"text-align: var(--text-align); background-color: var( --e-global-color-3bc6169 ); color: var(--the7-base-color); letter-spacing: var(--the7-base-letter-spacing); text-transform: var(--the7-base-text-transform); word-spacing: normal;\"><span style=\"text-align: var(--text-align); background-color: var( --e-global-color-3bc6169 ); color: var(--the7-base-color); letter-spacing: var(--the7-base-letter-spacing); text-transform: var(--the7-base-text-transform); word-spacing: normal;\"><span style=\"text-align: var(--text-align); background-color: var( --e-global-color-3bc6169 ); color: var(--the7-base-color); letter-spacing: var(--the7-base-letter-spacing); text-transform: var(--the7-base-text-transform); word-spacing: normal;\"><b>Terapia par<\/b> <br \/>(czas trwania 75 min)<\/span><\/span><\/span><\/span><\/span><\/span><\/span><\/span><p>para to dla niej dwie osoby niezale\u017cnie od p\u0142ci tych os\u00f3b) &#8211; <strong>260 z\u0142<br \/><br \/><\/strong><\/p><\/li><li aria-level=\"1\"><b>Interwizja managerska<\/b> <br \/>i wsparcie w rozwoju \u015bcie\u017cki zawodowej &#8211; <strong>190 z\u0142<br \/><br \/><\/strong><\/li><li aria-level=\"1\"><b>Wywiad diagnostyczny ADHD u doros\u0142ych na podstawie DIVA &#8211; 5.<br \/><\/b>Wywiad odbywa si\u0119 w czasie 4 spotka\u0144 (po 50 min), <br \/>w czasie 3 z nich przeprowadzam szczeg\u00f3\u0142owy wywiad z osob\u0105, <br \/>na ostatnim spotkaniu omawiam wyniki oraz przekazuj\u0119 analiz\u0119 wynik\u00f3w na pi\u015bmie. &#8211; <b style=\"word-spacing: normal;\">900 z\u0142<\/b><\/li><\/ul>\t\t\t\t\t\t\t\t<\/div>\n\t\t\t\t<\/div>\n\t\t\t\t<div class=\"elementor-element elementor-element-6426f2f elementor-widget elementor-widget-spacer\" data-id=\"6426f2f\" data-element_type=\"widget\" data-e-type=\"widget\" data-widget_type=\"spacer.default\">\n\t\t\t\t<div class=\"elementor-widget-container\">\n\t\t\t\t\t\t\t<div class=\"elementor-spacer\">\n\t\t\t<div class=\"elementor-spacer-inner\"><\/div>\n\t\t<\/div>\n\t\t\t\t\t\t<\/div>\n\t\t\t\t<\/div>\n\t\t\t\t\t<\/div>\n\t\t\t\t<\/div>\n\t\t<div class=\"elementor-element elementor-element-336c962 e-flex e-con-boxed e-con e-child\" data-id=\"336c962\" data-element_type=\"container\" data-e-type=\"container\">\n\t\t\t\t\t<div class=\"e-con-inner\">\n\t\t\t\t<div class=\"elementor-element elementor-element-fa0b8f6 elementor-widget__width-initial elementor-widget-mobile__width-initial elementor-widget elementor-widget-text-editor\" data-id=\"fa0b8f6\" data-element_type=\"widget\" data-e-type=\"widget\" data-widget_type=\"text-editor.default\">\n\t\t\t\t<div class=\"elementor-widget-container\">\n\t\t\t\t\t\t\t\t\t<p><b>Og\u00f3lne zasady wsp\u00f3\u0142pracy:<\/b><\/p><p>Spotkania odbywaj\u0105 si\u0119 w trybie online<span style=\"text-align: var(--text-align); color: var(--the7-base-color); letter-spacing: var(--the7-base-letter-spacing); text-transform: var(--the7-base-text-transform); word-spacing: normal; background-color: var( --e-global-color-3bc6169 );\"> na platformie Google Meet, organizacj\u0105\u00a0 spotkania zajmuj\u0119 si\u0119 ja i wysy\u0142am zaproszenie do kalendarza Klienta\/Klientki.\u00a0<br \/><\/span><span style=\"text-align: var(--text-align); background-color: var( --e-global-color-3bc6169 ); color: var(--the7-base-color); letter-spacing: var(--the7-base-letter-spacing); text-transform: var(--the7-base-text-transform); word-spacing: normal;\"><br \/>Na pierwszej sesji ustalamy jaka jest cz\u0119stotliwo\u015b\u0107 naszych spotka\u0144, ja mog\u0119 da\u0107 swoje rekomendacje, jednak to ty\u00a0 decydujesz\u00a0 czy spotykasz si\u0119 ze mn\u0105 co tydzie\u0144, raz na dwa tygodnie lub z jeszcze inn\u0105 cz\u0119stotliwo\u015bci\u0105.\u00a0<br \/><\/span><span style=\"text-align: var(--text-align); background-color: var( --e-global-color-3bc6169 ); color: var(--the7-base-color); letter-spacing: var(--the7-base-letter-spacing); text-transform: var(--the7-base-text-transform); word-spacing: normal;\"><br \/><\/span><\/p><p><span style=\"text-align: var(--text-align); background-color: var( --e-global-color-3bc6169 ); color: var(--the7-base-color); letter-spacing: var(--the7-base-letter-spacing); text-transform: var(--the7-base-text-transform); word-spacing: normal;\">P\u0142atno\u015b\u0107 za spotkanie wykonujesz przelewem na moje konto bankowe i chcia\u0142abym aby\u015b wykona\u0142\/wykona\u0142a\u00a0 go na 24h przed spotkaniem. Je\u015bli z jakiego\u015b powodu nie jest to mo\u017cliwe, poinformuj\u00a0 mnie o tym prosz\u0119. Ze wzgl\u0119d\u00f3w organizacyjnych, prosz\u0119 aby przelewy by\u0142y robione z sesji\u00a0 na sesj\u0119, nie ma mo\u017cliwo\u015bci p\u0142atno\u015bci np. za ca\u0142y miesi\u0105c.\u00a0\u00a0<br \/><\/span><span style=\"text-align: var(--text-align); background-color: var( --e-global-color-3bc6169 ); color: var(--the7-base-color); letter-spacing: var(--the7-base-letter-spacing); text-transform: var(--the7-base-text-transform); word-spacing: normal;\"><br \/>Poprosz\u0119 o opis przelewu w nast\u0119puj\u0105cy spos\u00f3b:\u00a0\u00a0<br \/><\/span><span style=\"text-align: var(--text-align); background-color: var( --e-global-color-3bc6169 ); color: var(--the7-base-color); letter-spacing: var(--the7-base-letter-spacing); text-transform: var(--the7-base-text-transform); word-spacing: normal;\"><br \/>Tytu\u0142em:\u00a0<br \/><\/span><b style=\"color: var(--the7-base-color); letter-spacing: var(--the7-base-letter-spacing); text-align: var(--text-align); text-transform: var(--the7-base-text-transform); word-spacing: normal;\">Terapia (Twoje Imi\u0119 i Nazwisko)<br \/>&#8211; (data spotkania)\u00a0<\/b><\/p><p><span style=\"text-align: var(--text-align); background-color: var( --e-global-color-3bc6169 ); color: var(--the7-base-color); letter-spacing: var(--the7-base-letter-spacing); text-transform: var(--the7-base-text-transform); word-spacing: normal;\">Nazwa odbiorcy: <br \/><\/span><span style=\"text-align: var(--text-align); background-color: var( --e-global-color-3bc6169 ); color: var(--the7-base-color); letter-spacing: var(--the7-base-letter-spacing); text-transform: var(--the7-base-text-transform); word-spacing: normal;\"><b>Anna St\u0119pkowska\u00a0<br \/><\/b><\/span><span style=\"text-align: var(--text-align); background-color: var( --e-global-color-3bc6169 ); color: var(--the7-base-color); letter-spacing: var(--the7-base-letter-spacing); text-transform: var(--the7-base-text-transform); word-spacing: normal;\"><b><br \/><\/b>Nr konta: <br \/><\/span><b><\/b><strong>96 1140 2004 0000 3902 8508 0127<\/strong><span style=\"text-align: var(--text-align); background-color: var( --e-global-color-3bc6169 ); color: var(--the7-base-color); letter-spacing: var(--the7-base-letter-spacing); text-transform: var(--the7-base-text-transform); word-spacing: normal;\"><b> <br \/><\/b><\/span><span style=\"text-align: var(--text-align); background-color: var( --e-global-color-3bc6169 ); color: var(--the7-base-color); letter-spacing: var(--the7-base-letter-spacing); text-transform: var(--the7-base-text-transform); word-spacing: normal;\"><b><br \/><\/b>Kwota: <br \/><\/span><span style=\"text-align: var(--text-align); background-color: var( --e-global-color-3bc6169 ); color: var(--the7-base-color); letter-spacing: var(--the7-base-letter-spacing); text-transform: var(--the7-base-text-transform); word-spacing: normal;\"><b>zgodnie z cennikiem<br \/><\/b><\/span><span style=\"text-align: var(--text-align); background-color: var( --e-global-color-3bc6169 ); color: var(--the7-base-color); letter-spacing: var(--the7-base-letter-spacing); text-transform: var(--the7-base-text-transform); word-spacing: normal;\"><b><br \/><\/b>W przypadku odwo\u0142ania spotkania na wi\u0119cej ni\u017c 24h godziny jako Klient\/ka nie ponosisz \u017cadnych\u00a0 koszt\u00f3w, rozumiem, \u017ce takie sytuacje mog\u0105 si\u0119 zdarzy\u0107 i sobie r\u00f3wnie\u017c zostawiam tak\u0105 mo\u017cliwo\u015b\u0107,\u00a0 cho\u0107 zawsze staram si\u0119 wyj\u015b\u0107 z alternatywnym terminem spotkania.\u00a0\u00a0<br \/><\/span><span style=\"text-align: var(--text-align); background-color: var( --e-global-color-3bc6169 ); color: var(--the7-base-color); letter-spacing: var(--the7-base-letter-spacing); text-transform: var(--the7-base-text-transform); word-spacing: normal;\"><br \/><b>W przypadku odwo\u0142ania spotkania na mniej ni\u017c 24h <\/b><\/span><span style=\"text-align: var(--text-align); background-color: var( --e-global-color-3bc6169 ); color: var(--the7-base-color); letter-spacing: var(--the7-base-letter-spacing); text-transform: var(--the7-base-text-transform); word-spacing: normal;\">lub nieobecno\u015bci na sesji, chcia\u0142abym aby\u015bmy\u00a0 um\u00f3wili si\u0119 na p\u0142atno\u015b\u0107 w wysoko\u015bci <\/span><b style=\"text-align: var(--text-align); background-color: var( --e-global-color-3bc6169 ); color: var(--the7-base-color); letter-spacing: var(--the7-base-letter-spacing); text-transform: var(--the7-base-text-transform); word-spacing: normal;\">50% warto\u015bci spotkania<\/b><span style=\"text-align: var(--text-align); background-color: var( --e-global-color-3bc6169 ); color: var(--the7-base-color); letter-spacing: var(--the7-base-letter-spacing); text-transform: var(--the7-base-text-transform); word-spacing: normal;\">. Ta zasada dzia\u0142a w obydwie strony\u00a0 &#8211; gdy mi zdarzy si\u0119 odwo\u0142a\u0107 sesj\u0119 z wyprzedzeniem mniejszym ni\u017c 24h,\u00a0<\/span><span style=\"text-align: var(--text-align); color: var(--the7-base-color); letter-spacing: var(--the7-base-letter-spacing); text-transform: var(--the7-base-text-transform); word-spacing: normal; background-color: var( --e-global-color-3bc6169 );\">za kolejn\u0105 wizyt\u0119 zap\u0142acisz 50% jej warto\u015bci.\u00a0<\/span><\/p>\t\t\t\t\t\t\t\t<\/div>\n\t\t\t\t<\/div>\n\t\t\t\t<div class=\"elementor-element elementor-element-6592dca elementor-align-justify elementor-widget__width-initial elementor-widget elementor-widget-the7_button_widget\" data-id=\"6592dca\" data-element_type=\"widget\" data-e-type=\"widget\" data-widget_type=\"the7_button_widget.default\">\n\t\t\t\t<div class=\"elementor-widget-container\">\n\t\t\t\t\t<div class=\"elementor-button-wrapper\"><a href=\"https:\/\/calendly.com\/anna-stepkowska\/tsr_spotkanie-online-50-minut?month=2024-03\" class=\"box-button elementor-button elementor-size-lg\">Um\u00f3w wizyt\u0119 online<\/a><\/div>\t\t\t\t<\/div>\n\t\t\t\t<\/div>\n\t\t\t\t\t<\/div>\n\t\t\t\t<\/div>\n\t\t\t\t\t<\/div>\n\t\t\t\t<\/div>\n\t\t\t\t<\/div>\n\t\t","protected":false},"excerpt":{"rendered":"<p>Us\u0142ugi i cennik Cennik Terapia indywidualna (czas trwania: 50 min) &#8211; 190 z\u0142 Terapia par (czas trwania 75 min) para to dla niej dwie osoby niezale\u017cnie od p\u0142ci tych os\u00f3b) &#8211; 260 z\u0142 Interwizja managerska i wsparcie w rozwoju \u015bcie\u017cki zawodowej &#8211; 190 z\u0142 Wywiad diagnostyczny ADHD u doros\u0142ych na podstawie DIVA &#8211; 5.Wywiad odbywa&hellip;<\/p>\n","protected":false},"author":1,"featured_media":0,"parent":1160,"menu_order":0,"comment_status":"closed","ping_status":"closed","template":"elementor_header_footer","meta":{"footnotes":""},"class_list":["post-95437","page","type-page","status-publish","hentry"],"_links":{"self":[{"href":"http:\/\/psychologiazsensem.pl\/index.php?rest_route=\/wp\/v2\/pages\/95437","targetHints":{"allow":["GET"]}}],"collection":[{"href":"http:\/\/psychologiazsensem.pl\/index.php?rest_route=\/wp\/v2\/pages"}],"about":[{"href":"http:\/\/psychologiazsensem.pl\/index.php?rest_route=\/wp\/v2\/types\/page"}],"author":[{"embeddable":true,"href":"http:\/\/psychologiazsensem.pl\/index.php?rest_route=\/wp\/v2\/users\/1"}],"replies":[{"embeddable":true,"href":"http:\/\/psychologiazsensem.pl\/index.php?rest_route=%2Fwp%2Fv2%2Fcomments&post=95437"}],"version-history":[{"count":136,"href":"http:\/\/psychologiazsensem.pl\/index.php?rest_route=\/wp\/v2\/pages\/95437\/revisions"}],"predecessor-version":[{"id":96008,"href":"http:\/\/psychologiazsensem.pl\/index.php?rest_route=\/wp\/v2\/pages\/95437\/revisions\/96008"}],"up":[{"embeddable":true,"href":"http:\/\/psychologiazsensem.pl\/index.php?rest_route=\/wp\/v2\/pages\/1160"}],"wp:attachment":[{"href":"http:\/\/psychologiazsensem.pl\/index.php?rest_route=%2Fwp%2Fv2%2Fmedia&parent=95437"}],"curies":[{"name":"wp","href":"https:\/\/api.w.org\/{rel}","templated":true}]}}